{"id":7,"date":"2021-08-19T16:34:10","date_gmt":"2021-08-19T16:34:10","guid":{"rendered":"https:\/\/meblomal.com.pl\/?page_id=7"},"modified":"2024-04-15T08:22:20","modified_gmt":"2024-04-15T08:22:20","slug":"o-firmie","status":"publish","type":"page","link":"https:\/\/meblomal.com.pl\/?page_id=7","title":{"rendered":"O firmie"},"content":{"rendered":"\n<div class=\"wp-block-columns is-layout-flex wp-container-core-columns-is-layout-1 wp-block-columns-is-layout-flex\">\n<div class=\"wp-block-column is-layout-flow wp-block-column-is-layout-flow\">\n<p>Firma Meblomal powsta\u0142a w 1996 roku. Przez ten okres bardzo dynamicznie si\u0119 rozwin\u0119li\u015bmy, ci\u0105gle pracujemy nad udoskonaleniem technologii produkcji, aby jako\u015b\u0107 naszych mebli by\u0142a wizyt\u00f3wk\u0105 firmy.<\/p>\n\n\n\n<p>Przedsi\u0119biorstwo zajmuje si\u0119 produkcj\u0105 sto\u0142\u00f3w kuchennych i pokojowych, naro\u017cnik\u00f3w kuchennych oraz krzese\u0142 kuchennych i pokojowych.<\/p>\n\n\n\n<p>Dzi\u0119ki temu, \u017ce wyszli\u015bmy naprzeciw potrzebom rynku, zdobyli\u015bmy uznanie w\u015br\u00f3d klient\u00f3w zar\u00f3wno na terenie kraju jak i za granic\u0105. Dla naszych klient\u00f3w mamy ciekaw\u0105 i solidn\u0105 ofert\u0119. Jednocze\u015bnie nieustannie wzbogacamy wzornictwo oraz dostosowujemy je do zmieniaj\u0105cych si\u0119 trend\u00f3w i gust\u00f3w Klient\u00f3w.<\/p>\n<\/div>\n<\/div>\n","protected":false},"excerpt":{"rendered":"<p>Firma Meblomal powsta\u0142a w 1996 roku. Przez ten okres bardzo dynamicznie si\u0119 rozwin\u0119li\u015bmy, ci\u0105gle pracujemy nad udoskonaleniem technologii produkcji, aby jako\u015b\u0107 naszych mebli by\u0142a wizyt\u00f3wk\u0105 firmy. Przedsi\u0119biorstwo zajmuje si\u0119 produkcj\u0105 sto\u0142\u00f3w kuchennych i pokojowych, naro\u017cnik\u00f3w kuchennych oraz krzese\u0142 kuchennych i pokojowych. Dzi\u0119ki temu, \u017ce wyszli\u015bmy naprzeciw potrzebom rynku, zdobyli\u015bmy uznanie<\/p>\n<div class=\"post-more\">\n\t<a href=\"https:\/\/meblomal.com.pl\/?page_id=7\" class=\"\"><\/a>\n\t<\/div>\n","protected":false},"author":1,"featured_media":1091,"parent":0,"menu_order":0,"comment_status":"closed","ping_status":"closed","template":"page-about.php","meta":{"footnotes":""},"acf":[],"_links":{"self":[{"href":"https:\/\/meblomal.com.pl\/index.php?rest_route=\/wp\/v2\/pages\/7"}],"collection":[{"href":"https:\/\/meblomal.com.pl\/index.php?rest_route=\/wp\/v2\/pages"}],"about":[{"href":"https:\/\/meblomal.com.pl\/index.php?rest_route=\/wp\/v2\/types\/page"}],"author":[{"embeddable":true,"href":"https:\/\/meblomal.com.pl\/index.php?rest_route=\/wp\/v2\/users\/1"}],"replies":[{"embeddable":true,"href":"https:\/\/meblomal.com.pl\/index.php?rest_route=%2Fwp%2Fv2%2Fcomments&post=7"}],"version-history":[{"count":5,"href":"https:\/\/meblomal.com.pl\/index.php?rest_route=\/wp\/v2\/pages\/7\/revisions"}],"predecessor-version":[{"id":739,"href":"https:\/\/meblomal.com.pl\/index.php?rest_route=\/wp\/v2\/pages\/7\/revisions\/739"}],"wp:featuredmedia":[{"embeddable":true,"href":"https:\/\/meblomal.com.pl\/index.php?rest_route=\/wp\/v2\/media\/1091"}],"wp:attachment":[{"href":"https:\/\/meblomal.com.pl\/index.php?rest_route=%2Fwp%2Fv2%2Fmedia&parent=7"}],"curies":[{"name":"wp","href":"https:\/\/api.w.org\/{rel}","templated":true}]}}